units digit of b?
9
Let g(d) = d**3 - d**2 + 3*d - 4. What is the tens digit of g(4)?
5
Suppose 3*y - 24 - 12 = 0. Suppose y = -m + n, m - 2*n + 12 + 2 = 0. What is the units digit of (0 + m/4)*-2?
5
What is the units digit of 24/(-40) + (-193)/(-5)?
8
Suppose 228 = 3*w + 2*j, 6*w = w + 4*j + 402. Suppose 47 = a - t, -2*t + w = -3*a + 5*a. What is the units digit of a?
3
What is the hundreds digit of 676/2 - 15/5?
3
What is the units digit of (-4 - -3)/(3 + (-534)/177)?
9
Let j(c) = -c + 4. Let v be j(4). Suppose -3*l = -8*l - 5*w, -3*l + w + 8 = v. What is the units digit of l?
2
Let y(h) = 6*h**2 + 3*h + 7. Let w(g) = g**2 - 11*g + 7. Let j be w(10). What is the tens digit of y(j)?
5
Let q(t) be the third derivative of t**5/30 + t**4/12 + t**3/3 + 5*t**2. Suppose 2*v = -3*v - 15. What is the tens digit of q(v)?
1
Let i(w) = w**2 + 2*w + 4. Let f be i(-3). Suppose 0 = -2*q + f + 15. What is the units digit of q?
1
Let v(u) = u**2 - 9*u - 1. Let a be v(5). Let m be (-2)/(-7) - (-1455)/a. What is the tens digit of m/(-6) - 1/(-2)?
1
Suppose b = 4*b - 12. Suppose 0 = b*h - 4*s, -h - 5 = -3*h + s. Suppose -3*v = 5*g - 14, h*v = -5*g + g + 19. What is the units digit of v?
3
Let u be 3/(-6) - 10/4. Let o be (-3)/(-1 - u/12). Suppose -z = -5*z + o. What is the units digit of z?
1
Let f = -21 + 35. Suppose 2*l - 3*l = 5, 4*s - 5*l = 57. Let z = f - s. What is the units digit of z?
6
Let h = 7 - 4. Let c be -2 + -1 - -9 - 1. Suppose 0 = u - c*i - 13, -2*i + 14 = -h*u + 5*u. What is the units digit of u?
8
Suppose -2*s = -4*s - 5*o + 77, -4*s + 130 = 2*o. What is the units digit of s?
1
Suppose 0 = -6*v + 256 + 140. What is the tens digit of v?
6
Let i = 1 - -2. Suppose 5*a + 3*y - 7 = 0, -3*a + 2*y = 5*y - i. What is the units digit of a?
2
Suppose -2*z - 38 = m + 3*m, 0 = -m + 4*z + 4. What is the tens digit of 55/3 + m/(-12)?
1
Let v(m) = 5*m**2 + m - 2. What is the units digit of v(-2)?
6
Suppose -3*m + 5*y - 5 + 102 = 0, -3*y = 2*m - 90. What is the tens digit of m?
3
Let k(t) = 3*t**2 + 5*t + 10. Let l(y) = y**2 - y + 1. Let w(x) = k(x) - 4*l(x). What is the tens digit of w(7)?
2
Let c = -261 + 373. What is the hundreds digit of c?
1
Suppose 0 = -3*q - 45 - 45. Let v be q/(-3) + 0 + -2. What is the units digit of v - 2*3/(-6)?
9
Suppose -5 = -2*g + 1. Let y(n) = 3*n**3 - 2*n**2 - 4 + 2 - 2*n**g - 2 - n. What is the units digit of y(3)?
2
Let y(v) = v**3 - 3*v**2 + 4*v. What is the tens digit of y(3)?
1
Suppose h - 4*h = 0. What is the units digit of 1/(-2)*(-2 - h)?
1
Let s = 0 - -2. Suppose s*l + 0*l = 20. What is the tens digit of l?
1
Let j be 711/(-12) + 1/4. Let k = j - -41. Let z = k + 27. What is the units digit of z?
9
Suppose -4*r - 4 = -80. Suppose 1 - r = 3*h + 4*w, -w = 2*h + 7. What is the units digit of (-2)/(h - (-6)/4)?
4
Let h = 256 + -102. Suppose 0 = 5*l + r - 197, 2*l - h = -2*l - 2*r. What is the units digit of l?
0
Let i(j) = -10*j - 1. Let o = 8 + -9. Let k be i(o). Let b = k + -5. What is the units digit of b?
4
Let n = 4 - -1. Suppose n*d - 56 = -21. What is the units digit of 1 + 2/(-2) + d?
7
Let w be (-3 - (2 - 0))/(-1). Suppose -3 = -w*h + 4*h. Let a = h + 4. What is the units digit of a?
7
Suppose 4*n - 7 = -3. Suppose 3*s = n + 26. Suppose -3*b + s = -0*b. What is the units digit of b?
3
Let x = -7 - -9. Suppose -x*i = -0*i - 16. What is the units digit of i?
8
Suppose -4*m - 2*k + 256 = 0, 260 = m + 3*m + 4*k. What is the units digit of m?
3
Suppose -3*x = g - 19, -4*x - x + 3*g = -13. Suppose 36 = x*n - n. What is the units digit of n?
9
What is the tens digit of (-2)/(228/115 + (-9 - -7))?
1
Suppose -3*z - 2*z = -185. Let w = -57 + z. What is the units digit of 1 + (-7)/(7/w)?
1
Suppose -3*k + 47 + 19 = 0. What is the units digit of k?
2
Let i(u) = 20*u - 1. Let h be i(-2). Let b = 69 + h. What is the units digit of b?
8
Let h = 74 + -113. Let k = h + 70. What is the tens digit of k?
3
Let g = 208 + -132. What is the units digit of g?
6
Suppose 5*f - 4*f = 174. What is the hundreds digit of f?
1
Let v(x) = 116*x**3 + 2*x - 1. What is the tens digit of v(1)?
1
Let h be 0*(-3)/6 + -8. Let a = 18 + h. What is the units digit of a?
0
Let i be 108/11 + (-2)/(-11). Let g = -4 + i. What is the units digit of g?
6
Let d(p) = -p**3 - 6*p**2 - 6*p - 3. Let l be d(-5). Let s(o) = 6*o**2 - 6*o + 2*o**2 - o**3 - l*o**2 + 0 + 2. What is the units digit of s(4)?
0
Let v = -34 - -82. What is the units digit of v?
8
Let i be -4 - -3 - (-2)/2. Suppose 3*l + t - 25 = i, -3*l + 3*t + 20 = -t. What is the units digit of l?
8
Let s = 5 + 0. Suppose s*v - 4*f - 27 = 0, -3*f = 4*v - 0*f - 3. What is the units digit of v?
3
Suppose 3*t = 3*z - 21, -4*t - 34 = -0*z - 5*z. What is the units digit of z?
6
Let u = 7 - 7. Suppose -2*m - m + 9 = u. What is the units digit of m?
3
Let u be (1/3)/((-1)/(-6)). Suppose 2*y = 18 + u. Suppose -4*d - y = -42. What is the units digit of d?
8
Let i = 146 - 30. What is the tens digit of i?
1
Let p be (14/4)/((-3)/(-6)). Let i(n) = n - 5. What is the units digit of i(p)?
2
Suppose 6*u - 287 - 43 = 0. What is the tens digit of u?
5
Suppose -3*n + 2*p = -2 + 6, 0 = -4*n - 2*p - 24. What is the units digit of (-3*2)/(3/n)?
8
Suppose 3*h = 22 + 2. Suppose -h = -4*z, z + 46 = 2*j - 3*z. What is the units digit of j?
7
Suppose 5*g - 9 = 2*g. Let f be g/(15/(-24) + 1). Let m(q) = q**3 - 7*q**2 - 6*q - 8. What is the units digit of m(f)?
8
What is the tens digit of 275/5 + -4 + -1?
5
Suppose -o - 3*o - 3*k = -35, 3*k + 9 = 0. What is the tens digit of o?
1
Let h(u) = -6*u - 3. Let o(w) = -w**2 + w. Let m(j) = h(j) + o(j). Let a be m(-3). Suppose g - v = 16, 21 = 4*g - a*v - 39. What is the units digit of g?
2
Suppose 0 = 4*m - 60. What is the tens digit of m?
1
Suppose i + 3*i = -84. Let q = i - -75. What is the units digit of q?
4
Let j(l) be the third derivative of l**6/120 - l**5/10 + l**4/8 - 4*l**3/3 - 2*l**2. What is the units digit of j(6)?
0
Let t(u) = u - 6 + 1 + 0*u. Let p be t(5). Suppose p = 4*z - 9 - 3. What is the units digit of z?
3
Let g(j) be the third derivative of -j**4/12 - 5*j**3/6 - 5*j**2. What is the units digit of g(-4)?
3
Suppose 14*s + 2*s - 1104 = 0. What is the units digit of s?
9
Suppose 0 = -2*n - 2*k + 250, -k - 536 = -4*n + 4*k. What is the tens digit of n?
2
Let z be ((-4 - 2)*1)/1. Let q be 104/10 - z/(-15). What is the units digit of ((-24)/(-30))/(2/q)?
4
Let x = 6 - 6. Suppose -4*c - c + 110 = x. What is the units digit of c?
2
Suppose 0*z - z + 2 = 0. Suppose 4*j - z*j - 68 = 0. What is the tens digit of j?
3
Let b be (2 - -29)/((-2)/(-6)). Let o = b - 63. What is the tens digit of o?
3
Suppose -2*c - 2*u - 24 = 0, -5*c - 65 - 7 = u. What is the units digit of (0 - 5)*48/c?
6
Suppose -2*y - 20 = -6*y. Let o = y - 9. Let k = 11 + o. What is the units digit of k?
7
Let l(w) = -7*w**3 + 12*w**2 - 8*w + 4. Let s(z) = 20*z**3 - 35*z**2 + 24*z - 12. Let x(b) = 17*l(b) + 6*s(b). What is the tens digit of x(5)?
1
Suppose 231 + 2 = 4*v + 3*t, t = -5*v + 283. What is the units digit of v?
6
Let u = 2 + -6. Let p = u + 8. Suppose -4*k + b + 2 = -b, 0 = p*k - 4*b + 4. What is the units digit of k?
2
Let j = -22 + 26. Suppose -j*u + 45 = u. What is the units digit of u?
9
Suppose 2*z - 376 = -0*z. What is the hundreds digit of z?
1
Suppose 0 = -i, 5*q + 5*i - 4 = 1. Let o = q + 2. What is the units digit of o?
3
What is the hundreds digit of 2 + -6 - (-208 + 7)?
1
Let i be -5*((-6)/(-3) - 3). Suppose -4*g + 19 = -0*g + j, i*g - 5*j = 5. What is the units digit of g?
4
Let f(q) = -5*q**2 - 12 - 3*q + 0*q**2 + 10*q**2 + q**3. What is the units digit of f(-5)?
3
Suppose s - 5*s + 28 = 0. What is the units digit of 194/s + (-2)/(-7)?
8
Let j = 127 + -53. What is the units digit of j?
4
Let u(g) = g**2 + 6*g - 4. Let o be u(-5). Let f = 9 + -6. What is the units digit of (2/f)/((-3)/o)?
2
Suppose -2*g - 5 = -5*y + 3*g, 4*y - 2*g = 0. What is the tens digit of y - 0 - (-64)/4?
1
Suppose -5*t + 2*w + 969 = 0, 0 = -5*t - 0*w + w + 972. What is the units digit of t?
5
Suppose -18*h = -3688 + 268. What is the tens digit of h?
9
Suppose -37*h = -31*h - 972. What is the units digit of h?
2
Let g(m) = 3*m**3 + 2*m**2 - m. Let s be g(1). Suppose 3*a = -l - 2, s*a - 3 + 7 = 0. What is the units 